v) = 44*v + 2842. Calculate t(-64).
26
Let q(k) = -k**2 - 96*k + 6163. What is q(44)?
3
Let m(q) = -2*q**2 - q - 17. Calculate m(7).
-122
Let a(w) = 121*w - 693. What is a(12)?
759
Let c(y) = -18*y**3 + 76*y**2 + 73*y - 2. Calculate c(-1).
19
Let c(m) = -188*m - 4696. What is c(-25)?
4
Let p(l) = 9*l**3 + 101*l**2 - 16*l - 411. What is p(-11)?
7
Let q(n) = -n**3 + 3*n**2 + 9*n + 11. Give q(7).
-122
Let r(n) = -2*n**2 + 448*n - 3453. Determine r(8).
3
Let u(x) = -192*x - 5116. Calculate u(-26).
-124
Let k(h) = 119*h - 5157. What is k(41)?
-278
Let b(c) = -4*c - 40. Give b(-11).
4
Let g(q) = -70*q - 11. What is g(-3)?
199
Let s(k) = 2*k**3 - 148*k**2 + 691*k - 75. What is s(69)?
-6
Let a(h) = 137*h + 415. Give a(-3).
4
Let p(q) = -q**2 + q - 25. Give p(0).
-25
Let y(f) = f**3 - 48*f**2 + 40*f - 39. Calculate y(47).
-368
Let b(d) = 41*d**3 + 3*d**2 - 17*d + 16. Determine b(1).
43
Let b(t) = -t**3 + 51*t**2 + 64*t - 1379. Give b(52).
-755
Let l(q) = -1247*q - 23688. Determine l(-19).
5
Let z(a) = -23*a - 262. Determine z(-12).
14
Let l(u) = 8*u**2 - 24*u + 4. Calculate l(2).
-12
Let a(t) = -t**3 - 18*t**2 - 71*t - 23. What is a(-10)?
-113
Let p(y) = -13*y - 169. Calculate p(-13).
0
Let y(s) = 34*s**3 + 11*s**2 + 11*s - 1. Determine y(-1).
-35
Let i(m) = -322*m + 83078. Calculate i(258).
2
Let l(y) = -3*y**3 + 8*y**2 - 15*y + 8. Calculate l(6).
-442
Let y(u) = -3*u + 61. Give y(25).
-14
Let x(n) = -73*n - 538. Calculate x(-9).
119
Let o(y) = 670*y + 2680. Calculate o(-4).
0
Let u(i) = -219*i - 451. Calculate u(-2).
-13
Let f(m) = -28*m**2 + 196*m - 6. Calculate f(7).
-6
Let m(r) = -2587*r - 1. What is m(0)?
-1
Let y(f) = -6*f + 339. Determine y(4).
315
Let x(j) = -29*j - 39. Calculate x(4).
-155
Let d(f) = -2*f**3 - 30*f**2 - 75*f + 244. Give d(-10).
-6
Let b(n) = -11*n - 693. Determine b(-29).
-374
Let o(j) = -j**2 - 29*j + 1490. Determine o(-55).
60
Let s(h) = -3*h**2 + 125*h + 364. Calculate s(42).
322
Let m(o) = o**3 + 3*o**2 - 7*o - 37. Determine m(7).
404
Let z(m) = -221*m - 1752. Calculate z(-8).
16
Let x(h) = -h**3 - 30*h**2 - 83*h - 105. Calculate x(-27).
-51
Let w(u) = 4*u**2 - 8*u + 50. Give w(8).
242
Let z(r) = -2*r**2 + 149*r - 1455. Determine z(63).
-6
Let o(q) = 97*q - 627. Determine o(8).
149
Let w(i) = i**3 + 9*i**2 + 484*i + 4364. Give w(-9).
8
Let v(z) = z**3 + 16*z**2 - 2*z - 15. What is v(-16)?
17
Let v(j) = 91*j - 126. Determine v(2).
56
Let m(u) = -7*u**2 - 273*u + 1889. What is m(-45)?
-1
Let r(y) = -2*y**2 - 58*y - 42. What is r(-28)?
14
Let u(y) = 2*y**3 - 18*y**2 + 30*y + 12. Determine u(7).
26
Let o(m) = m**3 - 9*m**2 + 19*m - 14. Give o(8).
74
Let y(v) = -2131*v + 12783. What is y(6)?
-3
Let p(w) = -65*w + 707. Determine p(12).
-73
Let u(g) = -8413*g - 117785. Calculate u(-14).
-3
Let i(l) = 4*l**2 + 12*l + 31. Calculate i(-3).
31
Let x(v) = -21*v**3 + 2*v**2 + 21*v + 26. Determine x(-3).
548
Let r(p) = -4*p**2 - 5*p + 4. Calculate r(5).
-121
Let u(g) = 1098*g - 1095. Determine u(1).
3
Let f(w) = -73*w - 878. Determine f(-12).
-2
Let a(v) = -1106*v + 15517. What is a(14)?
33
Let h(k) = 723*k - 724. Calculate h(1).
-1
Let v(h) = h**2 - 13*h - 147. Calculate v(20).
-7
Let o(i) = 32*i + 2832. Give o(-85).
112
Let k(f) = 102*f - 7457. Give k(73).
-11
Let h(y) = 6*y - 50. What is h(-2)?
-62
Let u(m) = -141*m - 5508. Calculate u(-39).
-9
Let o(u) = -2*u**3 - 13*u**2 - 7*u + 29. Give o(-5).
-11
Let i(g) = -9*g**3 + 5*g**2 - 4*g - 7. What is i(4)?
-519
Let b(y) = 6*y - 229. Calculate b(36).
-13
Let m(x) = x**2 + 103*x + 1941. Give m(-78).
-9
Let k(w) = -36*w - 130. Calculate k(-6).
86
Let v(u) = -2*u**3 + 19*u**2 + 17*u + 47. Give v(11).
-129
Let i(a) = -a**2 + 2518*a - 5. Calculate i(0).
-5
Let v(p) = -2*p**3 - 21*p**2 + 15*p + 45. Determine v(-11).
1
Let m(t) = -t**3 - 39*t**2 - 101*t + 251. What is m(-36)?
-1
Let c(t) = 43*t - 133. Determine c(5).
82
Let h(s) = -s**2 - 196*s + 5755. Calculate h(26).
-17
Let l(n) = 2*n**2 + 2*n - 3. Give l(-6).
57
Let u(x) = -x**3 - 9*x**2 + 70*x - 41. Determine u(-12).
-449
Let o(t) = 2*t**3 - 17*t**2 - 18*t + 206. Calculate o(8).
-2
Let p(z) = 4*z**3 - 18*z**2 - 296*z + 1218. Calculate p(4).
2
Let j(x) = 10*x**3 + 3*x**2 + 3*x + 15. What is j(-3)?
-237
Let m(t) = -t**2 + 39*t - 124. What is m(35)?
16
Let b(f) = -2*f**2 + 42*f + 5499. Give b(64).
-5
Let n(z) = -5*z - 14. Determine n(-3).
1
Let u(v) = v**2 - 67*v + 813. Give u(17).
-37
Let r(j) = 3*j**2 + 14*j - 195. What is r(6)?
-3
Let m(j) = 18*j**2 - 24*j - 86. Determine m(-4).
298
Let h(z) = -z**3 - 7*z**2 + 197*z - 14. Calculate h(-18).
4
Let x(p) = p**2 + 37*p - 7. Give x(-19).
-349
Let u(j) = -222*j - 882. Give u(-4).
6
Let h(y) = y**3 - 22*y**2 + 130*y + 1. Give h(7).
176
Let t(y) = 48*y + 6278. What is t(-131)?
-10
Let i(l) = -144*l**2 + 4*l - 2. Calculate i(1).
-142
Let a(v) = -13*v**3 - 1275*v**2 - 103*v - 510. Give a(-98).
-20
Let b(x) = -x**3 - 72*x**2 - 38*x + 2327. Determine b(-71).
-16
Let o(k) = k**3 + 23*k**2 + 15*k - 9. Calculate o(-22).
145
Let f(s) = s**2 - 43*s + 376. Calculate f(29).
-30
Let q(r) = r**2 - 39*r - 446. Calculate q(49).
44
Let q(v) = -29*v - 468. Determine q(-27).
315
Let p(l) = l**2 + 13*l - 856. What is p(23)?
-28
Let m(a) = -a**3 - 3*a**2 + 23*a + 56. Calculate m(-8).
192
Let n(h) = 34*h + 28. Determine n(-3).
-74
Let j(b) = -b**3 + 4*b**2 - 19*b + 55. What is j(3)?
7
Let i(q) = q**3 - 53*q**2 + 110*q - 124. Give i(51).
284
Let f(a) = -a**3 - 9*a**2 - 19*a + 5. Give f(-8).
93
Let v(p) = p**3 - 9*p**2 + 28*p - 266. Give v(9).
-14
Let k(d) = -3*d**3 + 321*d**2 + 6*d - 638. What is k(107)?
4
Let t(c) = 8*c**3 + c**2 + c - 14. Determine t(-3).
-224
Let b(t) = -689*t + 4967. What is b(7)?
144
Let h(l) = -4*l**3 - 45*l**2 - 30*l - 323. Calculate h(-11).
-114
Let s(o) = 2*o**3 - o**2 + 114*o - 232. Calculate s(2).
8
Let f(w) = 577*w - 5279. Calculate f(9).
-86
Let i(t) = -2*t**3 - 28*t**2 + 186*t + 1422. What is i(-17)?
-6
Let j(s) = 2*s**3 + 49*s**2 + 19*s - 60. What is j(-24)?
60
Let s(y) = -972*y + 4859. What is s(5)?
-1
Let q(v) = -88*v + 897. Give q(10).
17
Let q(a) = a**2 - 109. Calculate q(-9).
-28
Let y(c) = 1933*c - 7786. What is y(4)?
-54
Let b(n) = 3*n**3 + 65*n**2 + 201*n + 47. Give b(-18).
-7
Let o(j) = -3359*j - 20144. Calculate o(-6).
10
Let n(c) = -11*c**3 + 42*c**2 + 47*c - 183. Give n(4).
-27
Let b(r) = -31*r + 144. Give b(2).
82
Let k(l) = -10*l - 717. What is k(-66)?
-57
Let d(h) = 2*h + 64. What is d(39)?
142
Let b(g) = -193*g**2 - 1. Determine b(-1).
-194
Let s(i) = -87*i + 1211. Calculate s(14).
-7
Let c(t) = t**2 + 7*t - 3. What is c(-6)?
-9
Let g(i) = -14*i + 7. Calculate g(6).
-77
Let i(p) = -p**2 - 885*p + 15340. Calculate i(17).
6
Let y(f) = -f**3 - 43*f**2 - 276*f + 134. Give y(-35).
-6
Let t(o) = -181*o - 712. Give t(-4).
12
Let u(i) = i**2 - 3*i - 5. Determine u(-11).
149
Let f(s) = -82*s - 119. Calculate f(1).
-201
Let h(b) = -b**3 + 3*b + 103. What is h(0)?
103
Let f(g) = -190*g - 1649. What is f(-8)?
-129
Let w(o) = o**2 + 157*o + 1742. Give w(-12).
2
Let h(m) = 3*m**2 - 327*m + 658. Give h(107).
16
Let r(x) = -36*x - 492. What is r(-13)?
-24
Let f(c) = -15270*c - 366485. Give f(-24).
-5
Let s(o) = -o**3 - 24*o**2 + 3*o + 52. What is s(-24)?
-20
Let w(x) = -18*x - 306. Calculate w(-29).
216
Let q(f) = 9170*f + 128387. Calculate q(-14).
7
Let q(k) = -91*k + 8286. What is q(91)?
5
Let g(o) = o**2 - 20*o + 16. Calculate g(19).
-3
Let j(p) = -30*p - 324. Calculate j(-12).
36
Let h(a) = -2*a**2 + 205*a + 15439. What is h(153)?
-14
Let b(k) = 2*k**3 - 24*k**2 - 18. Give b(12).
-18
Let s(k) = k**2 + 85*k - 16560. Calculate s(-178).
-6
Let h(d) = -d**3 - 9*d**2 - 44*d - 959. What is h(-12)?
1
Let x(g) = 58*g**3 + 6*g**2 + 13*g - 9. What is x(-2)?
-475
Let b(z) = z**3 - 67*z**2 - 75*z + 27. Determine b(68).
-449
Let m(l) = -23*l**2 + 257*l + 25. What is m(11)?
69
Let h(t) = -t**3 - 62*t**2 - 635*t + 53. What is h(-49)?
-45
Let b(x) = 122*x - 2808. Give b(23).
-2
Let m(f) = f**2 + 53*f - 397. Determine m(-61).
91
Let l(o) = 381*o - 9911. Give l(26).
-5
Let q(k) = k**2 - 7*k + 10. What is q(7)?
10
Let p(r) = r**3 + 9*r**2 + 12*r - 12. Give p(-5).
28
Let x(j) = -j + 36. What is x(19)?
17
Let g(c) = -21047*c - 273612. What is g(-13)?
-1
Let p(i) = 3*i**2 + 2*i + 4. Give p(-3).
25
Let